{"id":8138,"date":"2025-03-06T12:48:09","date_gmt":"2025-03-06T12:48:09","guid":{"rendered":"https:\/\/fundaciomiquelvalls.org\/participacio\/"},"modified":"2025-03-06T13:16:07","modified_gmt":"2025-03-06T13:16:07","slug":"participacio","status":"publish","type":"page","link":"https:\/\/fundaciomiquelvalls.org\/es\/participacio\/","title":{"rendered":"Participaci\u00f3n"},"content":{"rendered":"<p>[vc_row][vc_column][vc_column_text]La Fundaci\u00f3n Catalana de ELA Miquel Valls participa activamente en estudios, herramientas, congresos y charlas como representante del colectivo de personas afectadas de ELA. Esta participaci\u00f3n se realiza a trav\u00e9s de pacientes, familiares, profesionales, voluntarios y otros agentes implicados, todos ellos expertos en la enfermedad.<\/p>\n<p>Mediante estas intervenciones, se contribuye a generar conocimiento social, m\u00e9dico, sanitario y econ\u00f3mico relacionado con la ELA, as\u00ed como a mejorar la atenci\u00f3n, la calidad de vida y la investigaci\u00f3n en torno a la enfermedad. La implicaci\u00f3n de la Fundaci\u00f3n en estas iniciativas refuerza el compromiso por seguir avanzando hacia una mejor comprensi\u00f3n y apoyo a las personas afectadas.<\/p>\n<p>La colaboraci\u00f3n en estos proyectos contribuye a dar voz a las personas afectadas de ELA, situ\u00e1ndolas en el centro del proceso de decisi\u00f3n y fomentando una atenci\u00f3n m\u00e1s humanizada y personalizada.<\/p>\n<p>A continuaci\u00f3n, se puede consultar algunos de los estudios, intervenciones y herramientas en las que ha participado la Fundaci\u00f3n:<\/p>\n<ul>\n<li style=\"list-style-type: none;\">\n<ul>\n<li><strong><a href=\"https:\/\/decisionscompartides.gencat.cat\/ca\/decidir-sobre\/ela\/index.html\">Eina de decisions compartides: ELA<\/a><\/strong><\/li>\n<li><strong>Acompanyament comunitari a pacients amb esclerosi lateral amiotr\u00f2fica (ELA).<\/strong> Institut Catal\u00e0 de la Salut \u2013 Atenci\u00f3 Prim\u00e0ria Metropolitana Sud: Costa Nebot, X., Fern\u00e1ndez Solana, C., &amp; Mart\u00ednez Campo, Y. (2024). <a href=\"https:\/\/scientiasalut.gencat.cat\/handle\/11351\/11544\">Enlla\u00e7<\/a><\/li>\n<li><strong>Costes directos no m\u00e9dicos de la ELA.<\/strong> Fundaci\u00f3n Francisco Luz\u00f3n. (2024). <a href=\"https:\/\/mcusercontent.com\/4613444c360def269a0a529c9\/files\/3f70f718-c2f4-abc5-d99f-de48953cf21b\/Costes_directos_ELA_2024.01.pdf\">Enlla\u00e7<\/a><\/li>\n<li><strong><a href=\"https:\/\/decisionscompartides.gencat.cat\/ca\/decidir-sobre\/atencio-final-vida\/index.html\">Observatori del Sistema de Salut de Catalunya: Estudi qualitatiu per con\u00e8ixer qu\u00e8 \u00e9s una bona mort.<\/a><\/strong><\/li>\n<li><strong><a href=\"https:\/\/decisionscompartides.gencat.cat\/ca\/decidir-sobre\/atencio-final-vida\/index.html\">Eina de decisions compartides: Final de la vida<\/a><\/strong><\/li>\n<li><strong>\u00abDefining a good death: Perspectives of patients, relatives, and health care professionals in the Catalan context\u2014A qualitative study.\u00bb<\/strong> PLOS ONE, 19(11), e0312426. Serra-Sutton, V., Fern\u00e1ndez-Giner, L., Espallargues, M., Garc\u00eda-Alt\u00e8s, A., &amp; en nom de l&#8217;estudi Bona mort a Catalunya. (2024). <a href=\"https:\/\/doi.org\/10.1371\/journal.pone.0312426\">Enlla\u00e7<\/a><\/li>\n<\/ul>\n<\/li>\n<\/ul>\n<p>[\/vc_column_text][\/vc_column][\/vc_row]<\/p>\n","protected":false},"excerpt":{"rendered":"<p>[vc_row][vc_column][vc_column_text]La Fundaci\u00f3n Catalana de ELA Miquel Valls participa activamente en estudios, herramientas, congresos y charlas como representante del colectivo de personas afectadas de ELA. Esta participaci\u00f3n se realiza a trav\u00e9s de pacientes, familiares, profesionales, voluntarios y otros agentes implicados, todos ellos expertos en la enfermedad. Mediante estas intervenciones, se contribuye a generar conocimiento social, m\u00e9dico, sanitario y econ\u00f3mico relacionado con la ELA, as\u00ed como a mejorar la atenci\u00f3n, la calidad de vida y la investigaci\u00f3n en torno a la enfermedad. La implicaci\u00f3n de la Fundaci\u00f3n en estas iniciativas refuerza el compromiso por seguir avanzando hacia una mejor comprensi\u00f3n y apoyo a las personas afectadas. La colaboraci\u00f3n en estos proyectos contribuye a dar voz a las personas afectadas de ELA, situ\u00e1ndolas en el centro del proceso de decisi\u00f3n y fomentando una atenci\u00f3n m\u00e1s humanizada y personalizada. A continuaci\u00f3n, se puede consultar algunos de los estudios, intervenciones y herramientas en las que ha participado la Fundaci\u00f3n: Eina de decisions compartides: ELA Acompanyament comunitari a pacients amb esclerosi lateral amiotr\u00f2fica (ELA). Institut Catal\u00e0 de la Salut \u2013 Atenci\u00f3 Prim\u00e0ria Metropolitana Sud: Costa Nebot, X., Fern\u00e1ndez Solana, C., &amp; Mart\u00ednez Campo, Y. (2024). Enlla\u00e7 Costes directos no m\u00e9dicos de la ELA. Fundaci\u00f3n Francisco Luz\u00f3n. (2024). Enlla\u00e7 Observatori del Sistema de Salut de Catalunya: Estudi qualitatiu per con\u00e8ixer qu\u00e8 \u00e9s una bona mort. Eina de decisions compartides: Final de la vida \u00abDefining a good death: Perspectives of patients, relatives, and health care professionals in the Catalan context\u2014A qualitative study.\u00bb PLOS ONE, 19(11), e0312426. Serra-Sutton, V., Fern\u00e1ndez-Giner, L., Espallargues, M., Garc\u00eda-Alt\u00e8s, A., &amp; en nom de l&#8217;estudi Bona mort a Catalunya. (2024). Enlla\u00e7 [\/vc_column_text][\/vc_column][\/vc_row]<\/p>\n","protected":false},"author":1,"featured_media":0,"parent":0,"menu_order":0,"comment_status":"closed","ping_status":"closed","template":"","meta":{"footnotes":""},"class_list":["post-8138","page","type-page","status-publish","hentry"],"yoast_head":"<!-- This site is optimized with the Yoast SEO plugin v26.9 - https:\/\/yoast.com\/product\/yoast-seo-wordpress\/ -->\n<title>Participaci\u00f3n - Fundaci\u00f3 Catalana d&#039;ELA Miquel Valls<\/title>\n<meta name=\"description\" content=\"La Fundaci\u00f3n Catalana de ELA Miquel Valls participa activamente en estudios, herramientas, congresos y charlas como representante del colectivo de personas afectadas de ELA.\" \/>\n<meta name=\"robots\" content=\"index, follow, max-snippet:-1, max-image-preview:large, max-video-preview:-1\" \/>\n<link rel=\"canonical\" href=\"https:\/\/fundaciomiquelvalls.org\/es\/participacio\/\" \/>\n<meta property=\"og:locale\" content=\"es_ES\" \/>\n<meta property=\"og:type\" content=\"article\" \/>\n<meta property=\"og:title\" content=\"Participaci\u00f3n\" \/>\n<meta property=\"og:description\" content=\"La Fundaci\u00f3n Catalana de ELA Miquel Valls participa activamente en estudios, herramientas, congresos y charlas como representante del colectivo de personas afectadas de ELA.\" \/>\n<meta property=\"og:url\" content=\"https:\/\/fundaciomiquelvalls.org\/es\/participacio\/\" \/>\n<meta property=\"og:site_name\" content=\"Fundaci\u00f3 Catalana d&#039;ELA Miquel Valls\" \/>\n<meta property=\"article:modified_time\" content=\"2025-03-06T13:16:07+00:00\" \/>\n<meta name=\"twitter:card\" content=\"summary_large_image\" \/>\n<meta name=\"twitter:label1\" content=\"Tiempo de lectura\" \/>\n\t<meta name=\"twitter:data1\" content=\"2 minutos\" \/>\n<script type=\"application\/ld+json\" class=\"yoast-schema-graph\">{\"@context\":\"https:\/\/schema.org\",\"@graph\":[{\"@type\":\"WebPage\",\"@id\":\"https:\/\/fundaciomiquelvalls.org\/es\/participacio\/\",\"url\":\"https:\/\/fundaciomiquelvalls.org\/es\/participacio\/\",\"name\":\"Participaci\u00f3n - Fundaci\u00f3 Catalana d&#039;ELA Miquel Valls\",\"isPartOf\":{\"@id\":\"https:\/\/fundaciomiquelvalls.org\/#website\"},\"datePublished\":\"2025-03-06T12:48:09+00:00\",\"dateModified\":\"2025-03-06T13:16:07+00:00\",\"description\":\"La Fundaci\u00f3n Catalana de ELA Miquel Valls participa activamente en estudios, herramientas, congresos y charlas como representante del colectivo de personas afectadas de ELA.\",\"breadcrumb\":{\"@id\":\"https:\/\/fundaciomiquelvalls.org\/es\/participacio\/#breadcrumb\"},\"inLanguage\":\"es\",\"potentialAction\":[{\"@type\":\"ReadAction\",\"target\":[\"https:\/\/fundaciomiquelvalls.org\/es\/participacio\/\"]}]},{\"@type\":\"BreadcrumbList\",\"@id\":\"https:\/\/fundaciomiquelvalls.org\/es\/participacio\/#breadcrumb\",\"itemListElement\":[{\"@type\":\"ListItem\",\"position\":1,\"name\":\"Portada\",\"item\":\"https:\/\/fundaciomiquelvalls.org\/es\/\"},{\"@type\":\"ListItem\",\"position\":2,\"name\":\"Participaci\u00f3n\"}]},{\"@type\":\"WebSite\",\"@id\":\"https:\/\/fundaciomiquelvalls.org\/#website\",\"url\":\"https:\/\/fundaciomiquelvalls.org\/\",\"name\":\"Fundaci\u00f3 Catalana d&#039;ELA Miquel Valls\",\"description\":\"Treballem per millorar la qualitat de vida de les persones afectades d&#039;ELA i Malaltia de Motoneurona\",\"potentialAction\":[{\"@type\":\"SearchAction\",\"target\":{\"@type\":\"EntryPoint\",\"urlTemplate\":\"https:\/\/fundaciomiquelvalls.org\/?s={search_term_string}\"},\"query-input\":{\"@type\":\"PropertyValueSpecification\",\"valueRequired\":true,\"valueName\":\"search_term_string\"}}],\"inLanguage\":\"es\"}]}<\/script>\n<!-- \/ Yoast SEO plugin. -->","yoast_head_json":{"title":"Participaci\u00f3n - Fundaci\u00f3 Catalana d&#039;ELA Miquel Valls","description":"La Fundaci\u00f3n Catalana de ELA Miquel Valls participa activamente en estudios, herramientas, congresos y charlas como representante del colectivo de personas afectadas de ELA.","robots":{"index":"index","follow":"follow","max-snippet":"max-snippet:-1","max-image-preview":"max-image-preview:large","max-video-preview":"max-video-preview:-1"},"canonical":"https:\/\/fundaciomiquelvalls.org\/es\/participacio\/","og_locale":"es_ES","og_type":"article","og_title":"Participaci\u00f3n","og_description":"La Fundaci\u00f3n Catalana de ELA Miquel Valls participa activamente en estudios, herramientas, congresos y charlas como representante del colectivo de personas afectadas de ELA.","og_url":"https:\/\/fundaciomiquelvalls.org\/es\/participacio\/","og_site_name":"Fundaci\u00f3 Catalana d&#039;ELA Miquel Valls","article_modified_time":"2025-03-06T13:16:07+00:00","twitter_card":"summary_large_image","twitter_misc":{"Tiempo de lectura":"2 minutos"},"schema":{"@context":"https:\/\/schema.org","@graph":[{"@type":"WebPage","@id":"https:\/\/fundaciomiquelvalls.org\/es\/participacio\/","url":"https:\/\/fundaciomiquelvalls.org\/es\/participacio\/","name":"Participaci\u00f3n - Fundaci\u00f3 Catalana d&#039;ELA Miquel Valls","isPartOf":{"@id":"https:\/\/fundaciomiquelvalls.org\/#website"},"datePublished":"2025-03-06T12:48:09+00:00","dateModified":"2025-03-06T13:16:07+00:00","description":"La Fundaci\u00f3n Catalana de ELA Miquel Valls participa activamente en estudios, herramientas, congresos y charlas como representante del colectivo de personas afectadas de ELA.","breadcrumb":{"@id":"https:\/\/fundaciomiquelvalls.org\/es\/participacio\/#breadcrumb"},"inLanguage":"es","potentialAction":[{"@type":"ReadAction","target":["https:\/\/fundaciomiquelvalls.org\/es\/participacio\/"]}]},{"@type":"BreadcrumbList","@id":"https:\/\/fundaciomiquelvalls.org\/es\/participacio\/#breadcrumb","itemListElement":[{"@type":"ListItem","position":1,"name":"Portada","item":"https:\/\/fundaciomiquelvalls.org\/es\/"},{"@type":"ListItem","position":2,"name":"Participaci\u00f3n"}]},{"@type":"WebSite","@id":"https:\/\/fundaciomiquelvalls.org\/#website","url":"https:\/\/fundaciomiquelvalls.org\/","name":"Fundaci\u00f3 Catalana d&#039;ELA Miquel Valls","description":"Treballem per millorar la qualitat de vida de les persones afectades d&#039;ELA i Malaltia de Motoneurona","potentialAction":[{"@type":"SearchAction","target":{"@type":"EntryPoint","urlTemplate":"https:\/\/fundaciomiquelvalls.org\/?s={search_term_string}"},"query-input":{"@type":"PropertyValueSpecification","valueRequired":true,"valueName":"search_term_string"}}],"inLanguage":"es"}]}},"_links":{"self":[{"href":"https:\/\/fundaciomiquelvalls.org\/es\/wp-json\/wp\/v2\/pages\/8138","targetHints":{"allow":["GET"]}}],"collection":[{"href":"https:\/\/fundaciomiquelvalls.org\/es\/wp-json\/wp\/v2\/pages"}],"about":[{"href":"https:\/\/fundaciomiquelvalls.org\/es\/wp-json\/wp\/v2\/types\/page"}],"author":[{"embeddable":true,"href":"https:\/\/fundaciomiquelvalls.org\/es\/wp-json\/wp\/v2\/users\/1"}],"replies":[{"embeddable":true,"href":"https:\/\/fundaciomiquelvalls.org\/es\/wp-json\/wp\/v2\/comments?post=8138"}],"version-history":[{"count":3,"href":"https:\/\/fundaciomiquelvalls.org\/es\/wp-json\/wp\/v2\/pages\/8138\/revisions"}],"predecessor-version":[{"id":8144,"href":"https:\/\/fundaciomiquelvalls.org\/es\/wp-json\/wp\/v2\/pages\/8138\/revisions\/8144"}],"wp:attachment":[{"href":"https:\/\/fundaciomiquelvalls.org\/es\/wp-json\/wp\/v2\/media?parent=8138"}],"curies":[{"name":"wp","href":"https:\/\/api.w.org\/{rel}","templated":true}]}}

Participación

<p>[vc_row][vc_column][vc_column_text]La Fundación Catalana de ELA Miquel Valls participa activamente en estudios, herramientas, congresos y charlas como representante del colectivo de personas afectadas de ELA. Esta participación se realiza a través de pacientes, familiares, profesionales, voluntarios y otros agentes implicados, todos ellos expertos en la enfermedad.</p>
<p>Mediante estas intervenciones, se contribuye a generar conocimiento social, médico, sanitario y económico relacionado con la ELA, así como a mejorar la atención, la calidad de vida y la investigación en torno a la enfermedad. La implicación de la Fundación en estas iniciativas refuerza el compromiso por seguir avanzando hacia una mejor comprensión y apoyo a las personas afectadas.</p>
<p>La colaboración en estos proyectos contribuye a dar voz a las personas afectadas de ELA, situándolas en el centro del proceso de decisión y fomentando una atención más humanizada y personalizada.</p>
<p>A continuación, se puede consultar algunos de los estudios, intervenciones y herramientas en las que ha participado la Fundación:</p>
<ul>
<li style="list-style-type: none;">
<ul>
<li><strong><a href="https://decisionscompartides.gencat.cat/ca/decidir-sobre/ela/index.html">Eina de decisions compartides: ELA</a></strong></li>
<li><strong>Acompanyament comunitari a pacients amb esclerosi lateral amiotròfica (ELA).</strong> Institut Català de la Salut – Atenció Primària Metropolitana Sud: Costa Nebot, X., Fernández Solana, C., &amp; Martínez Campo, Y. (2024). <a href="https://scientiasalut.gencat.cat/handle/11351/11544">Enllaç</a></li>
<li><strong>Costes directos no médicos de la ELA.</strong> Fundación Francisco Luzón. (2024). <a href="https://mcusercontent.com/4613444c360def269a0a529c9/files/3f70f718-c2f4-abc5-d99f-de48953cf21b/Costes_directos_ELA_2024.01.pdf">Enllaç</a></li>
<li><strong><a href="https://decisionscompartides.gencat.cat/ca/decidir-sobre/atencio-final-vida/index.html">Observatori del Sistema de Salut de Catalunya: Estudi qualitatiu per conèixer què és una bona mort.</a></strong></li>
<li><strong><a href="https://decisionscompartides.gencat.cat/ca/decidir-sobre/atencio-final-vida/index.html">Eina de decisions compartides: Final de la vida</a></strong></li>
<li><strong>«Defining a good death: Perspectives of patients, relatives, and health care professionals in the Catalan context—A qualitative study.»</strong> PLOS ONE, 19(11), e0312426. Serra-Sutton, V., Fernández-Giner, L., Espallargues, M., García-Altès, A., &amp; en nom de l&#8217;estudi Bona mort a Catalunya. (2024). <a href="https://doi.org/10.1371/journal.pone.0312426">Enllaç</a></li>
</ul>
</li>
</ul>
<p>[/vc_column_text][/vc_column][/vc_row]</p>

<p>[vc_row][vc_column][vc_column_text]La Fundación Catalana de ELA Miquel Valls participa activamente en estudios, herramientas, congresos y charlas como representante del colectivo de personas afectadas de ELA. Esta participación se realiza a través de pacientes, familiares, profesionales, voluntarios y otros agentes implicados, todos ellos expertos en la enfermedad. Mediante estas intervenciones, se contribuye a generar conocimiento social, médico, sanitario y económico relacionado con la ELA, así como a mejorar la atención, la calidad de vida y la investigación en torno a la enfermedad. La implicación de la Fundación en estas iniciativas refuerza el compromiso por seguir avanzando hacia una mejor comprensión y apoyo a las personas afectadas. La colaboración en estos proyectos contribuye a dar voz a las personas afectadas de ELA, situándolas en el centro del proceso de decisión y fomentando una atención más humanizada y personalizada. A continuación, se puede consultar algunos de los estudios, intervenciones y herramientas en las que ha participado la Fundación: Eina de decisions compartides: ELA Acompanyament comunitari a pacients amb esclerosi lateral amiotròfica (ELA). Institut Català de la Salut – Atenció Primària Metropolitana Sud: Costa Nebot, X., Fernández Solana, C., &amp; Martínez Campo, Y. (2024). Enllaç Costes directos no médicos de la ELA. Fundación Francisco Luzón. (2024). Enllaç Observatori del Sistema de Salut de Catalunya: Estudi qualitatiu per conèixer què és una bona mort. Eina de decisions compartides: Final de la vida «Defining a good death: Perspectives of patients, relatives, and health care professionals in the Catalan context—A qualitative study.» PLOS ONE, 19(11), e0312426. Serra-Sutton, V., Fernández-Giner, L., Espallargues, M., García-Altès, A., &amp; en nom de l&#8217;estudi Bona mort a Catalunya. (2024). Enllaç [/vc_column_text][/vc_column][/vc_row]</p>

<!-- This site is optimized with the Yoast SEO plugin v26.9 - https://yoast.com/product/yoast-seo-wordpress/ -->
<title>Participación - Fundació Catalana d&#039;ELA Miquel Valls</title>
<meta name="description" content="La Fundación Catalana de ELA Miquel Valls participa activamente en estudios, herramientas, congresos y charlas como representante del colectivo de personas afectadas de ELA." />
<meta name="robots" content="index, follow, max-snippet:-1, max-image-preview:large, max-video-preview:-1" />
<link rel="canonical" href="https://fundaciomiquelvalls.org/es/participacio/" />
<meta property="og:locale" content="es_ES" />
<meta property="og:type" content="article" />
<meta property="og:title" content="Participación" />
<meta property="og:description" content="La Fundación Catalana de ELA Miquel Valls participa activamente en estudios, herramientas, congresos y charlas como representante del colectivo de personas afectadas de ELA." />
<meta property="og:url" content="https://fundaciomiquelvalls.org/es/participacio/" />
<meta property="og:site_name" content="Fundació Catalana d&#039;ELA Miquel Valls" />
<meta property="article:modified_time" content="2025-03-06T13:16:07+00:00" />
<meta name="twitter:card" content="summary_large_image" />
<meta name="twitter:label1" content="Tiempo de lectura" />
	<meta name="twitter:data1" content="2 minutos" />
<script type="application/ld+json" class="yoast-schema-graph">{"@context":"https://schema.org","@graph":[{"@type":"WebPage","@id":"https://fundaciomiquelvalls.org/es/participacio/","url":"https://fundaciomiquelvalls.org/es/participacio/","name":"Participación - Fundació Catalana d&#039;ELA Miquel Valls","isPartOf":{"@id":"https://fundaciomiquelvalls.org/#website"},"datePublished":"2025-03-06T12:48:09+00:00","dateModified":"2025-03-06T13:16:07+00:00","description":"La Fundación Catalana de ELA Miquel Valls participa activamente en estudios, herramientas, congresos y charlas como representante del colectivo de personas afectadas de ELA.","breadcrumb":{"@id":"https://fundaciomiquelvalls.org/es/participacio/#breadcrumb"},"inLanguage":"es","potentialAction":[{"@type":"ReadAction","target":["https://fundaciomiquelvalls.org/es/participacio/"]}]},{"@type":"BreadcrumbList","@id":"https://fundaciomiquelvalls.org/es/participacio/#breadcrumb","itemListElement":[{"@type":"ListItem","position":1,"name":"Portada","item":"https://fundaciomiquelvalls.org/es/"},{"@type":"ListItem","position":2,"name":"Participación"}]},{"@type":"WebSite","@id":"https://fundaciomiquelvalls.org/#website","url":"https://fundaciomiquelvalls.org/","name":"Fundació Catalana d&#039;ELA Miquel Valls","description":"Treballem per millorar la qualitat de vida de les persones afectades d&#039;ELA i Malaltia de Motoneurona","potentialAction":[{"@type":"SearchAction","target":{"@type":"EntryPoint","urlTemplate":"https://fundaciomiquelvalls.org/?s={search_term_string}"},"query-input":{"@type":"PropertyValueSpecification","valueRequired":true,"valueName":"search_term_string"}}],"inLanguage":"es"}]}</script>
<!-- / Yoast SEO plugin. -->

Participación - Fundació Catalana d&#039;ELA Miquel Valls

La Fundación Catalana de ELA Miquel Valls participa activamente en estudios, herramientas, congresos y charlas como representante del colectivo de personas afectadas de ELA.

Fundació Catalana d&#039;ELA Miquel Valls
