{"id":3126,"date":"2021-03-04T12:59:39","date_gmt":"2021-03-04T12:59:39","guid":{"rendered":"https:\/\/fundaciomiquelvalls.org\/el-teu-espai\/"},"modified":"2022-03-25T13:31:20","modified_gmt":"2022-03-25T13:31:20","slug":"el-teu-espai","status":"publish","type":"page","link":"https:\/\/fundaciomiquelvalls.org\/es\/el-teu-espai\/","title":{"rendered":"Tu espacio"},"content":{"rendered":"<p>[vc_row][vc_column][vc_empty_space][vc_column_text]\u00c9ste es un lugar de intercambio de vivencias, opiniones e iniciativas que nos pueden ayudar para hacer frente a la ELA. os invitamos a compartir las vuestras.<\/p>\n<p>Sabemos que muchos de vosotros hab\u00e9is encontrado en la fotograf\u00eda, la pintura, la escritura u otras actividades art\u00edsticas un camino para expresar vuestra relaci\u00f3n con la enfermedad. Y podemos mostrar estas obras aqu\u00ed.<\/p>\n<p>As\u00ed que si te gusta escribir o quieres contar o expresar algo, \u00e9ste es TU ESPACIO. Env\u00edanos tu blog o web a\u00a0<a style=\"text-align: justify;\" href=\"mailto:ela@fundaciomiquelvalls.org\">comunicacio@fundaciomiquelvalls.org<\/a><span style=\"text-align: justify;\">.<\/span>[\/vc_column_text][vc_empty_space][\/vc_column][\/vc_row][vc_row][vc_column][vc_column_text]<\/p>\n<h2 class=\"block-title\">Josep Rof<\/h2>\n<p>[\/vc_column_text][vc_column_text]Josep Rof os invita a sus blogs, donde encontrar\u00e9is textos, reflexiones y fotograf\u00edas:<\/p>\n<p><a href=\"https:\/\/enfoques6ela.blogspot.com.es\/\" target=\"_blank\" rel=\"noopener\">https:\/\/enfoques6ela.blogspot.com.es\/<\/a><\/p>\n<p><a href=\"https:\/\/blogs.avui.cat\/jrofrof\/\" target=\"_blank\" rel=\"noopener\">https:\/\/blogs.avui.cat\/jrofrof\/<\/a><\/p>\n<p><a href=\"https:\/\/jrrofi8mes.blogspot.com\/\" target=\"_blank\" rel=\"noopener\">https:\/\/jrrofi8mes.blogspot.com\/<\/a>[\/vc_column_text][vc_empty_space][\/vc_column][\/vc_row][vc_row][vc_column][vc_column_text]<\/p>\n<h2 class=\"block-title\">Ilusi\u00f3n+<\/h2>\n<p>[\/vc_column_text][vc_column_text]<strong>Ilusi\u00f3n+<\/strong>\u00a0es una web de venta de vinos solidarios impulsada por Pau Torres y su familia:<\/p>\n<p><a href=\"https:\/\/ilusionmas.com\/\" target=\"_blank\" rel=\"noopener\">https:\/\/ilusionmas.com\/<\/a>[\/vc_column_text][vc_empty_space][\/vc_column][\/vc_row][vc_row][vc_column][vc_column_text]<\/p>\n<h2 class=\"block-title\">Josefina Garc\u00eda<\/h2>\n<p>[\/vc_column_text][vc_column_text]La\u00a0<strong>Josefina Garc\u00eda<\/strong> nos muestra sus reflexiones en el siguiente blog:<\/p>\n<p><a href=\"https:\/\/www.reflexionesdejosefinagarcia.blogspot.com.es\/\" target=\"_blank\" rel=\"noopener\">https:\/\/www.reflexionesdejosefinagarcia.blogspot.com.es\/<\/a>[\/vc_column_text][vc_empty_space][\/vc_column][\/vc_row][vc_row][vc_column][vc_column_text]<\/p>\n<h2 class=\"block-title\">Jos\u00e9 Dopico<\/h2>\n<p>[\/vc_column_text][vc_column_text]Jos\u00e9 Dopico tiene diferentes plataformas en que expresa sus pensamientos en fotograf\u00edas, arte, escritos, etc:<\/p>\n<p><a href=\"https:\/\/https\/\/linktr.ee\/ppdopico\">https:\/\/linktr.ee\/ppdopico<\/a>[\/vc_column_text][vc_empty_space][\/vc_column][\/vc_row][vc_row][vc_column][vc_column_text]<\/p>\n<h3 style=\"text-align: center;\">\u00a1Muchas gracias a todos!<\/h3>\n<p>[\/vc_column_text][\/vc_column][\/vc_row]<\/p>\n","protected":false},"excerpt":{"rendered":"<p>[vc_row][vc_column][vc_empty_space][vc_column_text]\u00c9ste es un lugar de intercambio de vivencias, opiniones e iniciativas que nos pueden ayudar para hacer frente a la ELA. os invitamos a compartir las vuestras. Sabemos que muchos de vosotros hab\u00e9is encontrado en la fotograf\u00eda, la pintura, la escritura u otras actividades art\u00edsticas un camino para expresar vuestra relaci\u00f3n con la enfermedad. Y podemos mostrar estas obras aqu\u00ed. As\u00ed que si te gusta escribir o quieres contar o expresar algo, \u00e9ste es TU ESPACIO. Env\u00edanos tu blog o web a\u00a0comunicacio@fundaciomiquelvalls.org.[\/vc_column_text][vc_empty_space][\/vc_column][\/vc_row][vc_row][vc_column][vc_column_text] Josep Rof [\/vc_column_text][vc_column_text]Josep Rof os invita a sus blogs, donde encontrar\u00e9is textos, reflexiones y fotograf\u00edas: https:\/\/enfoques6ela.blogspot.com.es\/ https:\/\/blogs.avui.cat\/jrofrof\/ https:\/\/jrrofi8mes.blogspot.com\/[\/vc_column_text][vc_empty_space][\/vc_column][\/vc_row][vc_row][vc_column][vc_column_text] Ilusi\u00f3n+ [\/vc_column_text][vc_column_text]Ilusi\u00f3n+\u00a0es una web de venta de vinos solidarios impulsada por Pau Torres y su familia: https:\/\/ilusionmas.com\/[\/vc_column_text][vc_empty_space][\/vc_column][\/vc_row][vc_row][vc_column][vc_column_text] Josefina Garc\u00eda [\/vc_column_text][vc_column_text]La\u00a0Josefina Garc\u00eda nos muestra sus reflexiones en el siguiente blog: https:\/\/www.reflexionesdejosefinagarcia.blogspot.com.es\/[\/vc_column_text][vc_empty_space][\/vc_column][\/vc_row][vc_row][vc_column][vc_column_text] Jos\u00e9 Dopico [\/vc_column_text][vc_column_text]Jos\u00e9 Dopico tiene diferentes plataformas en que expresa sus pensamientos en fotograf\u00edas, arte, escritos, etc: https:\/\/linktr.ee\/ppdopico[\/vc_column_text][vc_empty_space][\/vc_column][\/vc_row][vc_row][vc_column][vc_column_text] \u00a1Muchas gracias a todos! [\/vc_column_text][\/vc_column][\/vc_row]<\/p>\n","protected":false},"author":1,"featured_media":0,"parent":0,"menu_order":0,"comment_status":"closed","ping_status":"closed","template":"","meta":{"footnotes":""},"class_list":["post-3126","page","type-page","status-publish","hentry"],"yoast_head":"<!-- This site is optimized with the Yoast SEO plugin v26.9 - https:\/\/yoast.com\/product\/yoast-seo-wordpress\/ -->\n<title>Tu espacio - Fundaci\u00f3 Catalana d&#039;ELA Miquel Valls<\/title>\n<meta name=\"description\" content=\"\u00c9ste es un lugar de intercambio de vivencias, opiniones e iniciativas que nos pueden ayudar para hacer frente a la ELA.\" \/>\n<meta name=\"robots\" content=\"index, follow, max-snippet:-1, max-image-preview:large, max-video-preview:-1\" \/>\n<link rel=\"canonical\" href=\"https:\/\/fundaciomiquelvalls.org\/es\/el-teu-espai\/\" \/>\n<meta property=\"og:locale\" content=\"es_ES\" \/>\n<meta property=\"og:type\" content=\"article\" \/>\n<meta property=\"og:title\" content=\"Tu espacio - Fundaci\u00f3 Catalana d&#039;ELA Miquel Valls\" \/>\n<meta property=\"og:description\" content=\"\u00c9ste es un lugar de intercambio de vivencias, opiniones e iniciativas que nos pueden ayudar para hacer frente a la ELA.\" \/>\n<meta property=\"og:url\" content=\"https:\/\/fundaciomiquelvalls.org\/es\/el-teu-espai\/\" \/>\n<meta property=\"og:site_name\" content=\"Fundaci\u00f3 Catalana d&#039;ELA Miquel Valls\" \/>\n<meta property=\"article:modified_time\" content=\"2022-03-25T13:31:20+00:00\" \/>\n<meta name=\"twitter:card\" content=\"summary_large_image\" \/>\n<meta name=\"twitter:label1\" content=\"Tiempo de lectura\" \/>\n\t<meta name=\"twitter:data1\" content=\"1 minuto\" \/>\n<script type=\"application\/ld+json\" class=\"yoast-schema-graph\">{\"@context\":\"https:\/\/schema.org\",\"@graph\":[{\"@type\":\"WebPage\",\"@id\":\"https:\/\/fundaciomiquelvalls.org\/es\/el-teu-espai\/\",\"url\":\"https:\/\/fundaciomiquelvalls.org\/es\/el-teu-espai\/\",\"name\":\"Tu espacio - Fundaci\u00f3 Catalana d&#039;ELA Miquel Valls\",\"isPartOf\":{\"@id\":\"https:\/\/fundaciomiquelvalls.org\/#website\"},\"datePublished\":\"2021-03-04T12:59:39+00:00\",\"dateModified\":\"2022-03-25T13:31:20+00:00\",\"description\":\"\u00c9ste es un lugar de intercambio de vivencias, opiniones e iniciativas que nos pueden ayudar para hacer frente a la ELA.\",\"breadcrumb\":{\"@id\":\"https:\/\/fundaciomiquelvalls.org\/es\/el-teu-espai\/#breadcrumb\"},\"inLanguage\":\"es\",\"potentialAction\":[{\"@type\":\"ReadAction\",\"target\":[\"https:\/\/fundaciomiquelvalls.org\/es\/el-teu-espai\/\"]}]},{\"@type\":\"BreadcrumbList\",\"@id\":\"https:\/\/fundaciomiquelvalls.org\/es\/el-teu-espai\/#breadcrumb\",\"itemListElement\":[{\"@type\":\"ListItem\",\"position\":1,\"name\":\"Portada\",\"item\":\"https:\/\/fundaciomiquelvalls.org\/es\/\"},{\"@type\":\"ListItem\",\"position\":2,\"name\":\"Tu espacio\"}]},{\"@type\":\"WebSite\",\"@id\":\"https:\/\/fundaciomiquelvalls.org\/#website\",\"url\":\"https:\/\/fundaciomiquelvalls.org\/\",\"name\":\"Fundaci\u00f3 Catalana d&#039;ELA Miquel Valls\",\"description\":\"Treballem per millorar la qualitat de vida de les persones afectades d&#039;ELA i Malaltia de Motoneurona\",\"potentialAction\":[{\"@type\":\"SearchAction\",\"target\":{\"@type\":\"EntryPoint\",\"urlTemplate\":\"https:\/\/fundaciomiquelvalls.org\/?s={search_term_string}\"},\"query-input\":{\"@type\":\"PropertyValueSpecification\",\"valueRequired\":true,\"valueName\":\"search_term_string\"}}],\"inLanguage\":\"es\"}]}<\/script>\n<!-- \/ Yoast SEO plugin. -->","yoast_head_json":{"title":"Tu espacio - Fundaci\u00f3 Catalana d&#039;ELA Miquel Valls","description":"\u00c9ste es un lugar de intercambio de vivencias, opiniones e iniciativas que nos pueden ayudar para hacer frente a la ELA.","robots":{"index":"index","follow":"follow","max-snippet":"max-snippet:-1","max-image-preview":"max-image-preview:large","max-video-preview":"max-video-preview:-1"},"canonical":"https:\/\/fundaciomiquelvalls.org\/es\/el-teu-espai\/","og_locale":"es_ES","og_type":"article","og_title":"Tu espacio - Fundaci\u00f3 Catalana d&#039;ELA Miquel Valls","og_description":"\u00c9ste es un lugar de intercambio de vivencias, opiniones e iniciativas que nos pueden ayudar para hacer frente a la ELA.","og_url":"https:\/\/fundaciomiquelvalls.org\/es\/el-teu-espai\/","og_site_name":"Fundaci\u00f3 Catalana d&#039;ELA Miquel Valls","article_modified_time":"2022-03-25T13:31:20+00:00","twitter_card":"summary_large_image","twitter_misc":{"Tiempo de lectura":"1 minuto"},"schema":{"@context":"https:\/\/schema.org","@graph":[{"@type":"WebPage","@id":"https:\/\/fundaciomiquelvalls.org\/es\/el-teu-espai\/","url":"https:\/\/fundaciomiquelvalls.org\/es\/el-teu-espai\/","name":"Tu espacio - Fundaci\u00f3 Catalana d&#039;ELA Miquel Valls","isPartOf":{"@id":"https:\/\/fundaciomiquelvalls.org\/#website"},"datePublished":"2021-03-04T12:59:39+00:00","dateModified":"2022-03-25T13:31:20+00:00","description":"\u00c9ste es un lugar de intercambio de vivencias, opiniones e iniciativas que nos pueden ayudar para hacer frente a la ELA.","breadcrumb":{"@id":"https:\/\/fundaciomiquelvalls.org\/es\/el-teu-espai\/#breadcrumb"},"inLanguage":"es","potentialAction":[{"@type":"ReadAction","target":["https:\/\/fundaciomiquelvalls.org\/es\/el-teu-espai\/"]}]},{"@type":"BreadcrumbList","@id":"https:\/\/fundaciomiquelvalls.org\/es\/el-teu-espai\/#breadcrumb","itemListElement":[{"@type":"ListItem","position":1,"name":"Portada","item":"https:\/\/fundaciomiquelvalls.org\/es\/"},{"@type":"ListItem","position":2,"name":"Tu espacio"}]},{"@type":"WebSite","@id":"https:\/\/fundaciomiquelvalls.org\/#website","url":"https:\/\/fundaciomiquelvalls.org\/","name":"Fundaci\u00f3 Catalana d&#039;ELA Miquel Valls","description":"Treballem per millorar la qualitat de vida de les persones afectades d&#039;ELA i Malaltia de Motoneurona","potentialAction":[{"@type":"SearchAction","target":{"@type":"EntryPoint","urlTemplate":"https:\/\/fundaciomiquelvalls.org\/?s={search_term_string}"},"query-input":{"@type":"PropertyValueSpecification","valueRequired":true,"valueName":"search_term_string"}}],"inLanguage":"es"}]}},"_links":{"self":[{"href":"https:\/\/fundaciomiquelvalls.org\/es\/wp-json\/wp\/v2\/pages\/3126","targetHints":{"allow":["GET"]}}],"collection":[{"href":"https:\/\/fundaciomiquelvalls.org\/es\/wp-json\/wp\/v2\/pages"}],"about":[{"href":"https:\/\/fundaciomiquelvalls.org\/es\/wp-json\/wp\/v2\/types\/page"}],"author":[{"embeddable":true,"href":"https:\/\/fundaciomiquelvalls.org\/es\/wp-json\/wp\/v2\/users\/1"}],"replies":[{"embeddable":true,"href":"https:\/\/fundaciomiquelvalls.org\/es\/wp-json\/wp\/v2\/comments?post=3126"}],"version-history":[{"count":4,"href":"https:\/\/fundaciomiquelvalls.org\/es\/wp-json\/wp\/v2\/pages\/3126\/revisions"}],"predecessor-version":[{"id":3130,"href":"https:\/\/fundaciomiquelvalls.org\/es\/wp-json\/wp\/v2\/pages\/3126\/revisions\/3130"}],"wp:attachment":[{"href":"https:\/\/fundaciomiquelvalls.org\/es\/wp-json\/wp\/v2\/media?parent=3126"}],"curies":[{"name":"wp","href":"https:\/\/api.w.org\/{rel}","templated":true}]}}

<p>[vc_row][vc_column][vc_empty_space][vc_column_text]Éste es un lugar de intercambio de vivencias, opiniones e iniciativas que nos pueden ayudar para hacer frente a la ELA. os invitamos a compartir las vuestras.</p>
<p>Sabemos que muchos de vosotros habéis encontrado en la fotografía, la pintura, la escritura u otras actividades artísticas un camino para expresar vuestra relación con la enfermedad. Y podemos mostrar estas obras aquí.</p>
<p>Así que si te gusta escribir o quieres contar o expresar algo, éste es TU ESPACIO. Envíanos tu blog o web a <a style="text-align: justify;" href="mailto:ela@fundaciomiquelvalls.org">comunicacio@fundaciomiquelvalls.org</a><span style="text-align: justify;">.</span>[/vc_column_text][vc_empty_space][/vc_column][/vc_row][vc_row][vc_column][vc_column_text]</p>
<h2 class="block-title">Josep Rof</h2>
<p>[/vc_column_text][vc_column_text]Josep Rof os invita a sus blogs, donde encontraréis textos, reflexiones y fotografías:</p>
<p><a href="https://enfoques6ela.blogspot.com.es/" target="_blank" rel="noopener">https://enfoques6ela.blogspot.com.es/</a></p>
<p><a href="https://blogs.avui.cat/jrofrof/" target="_blank" rel="noopener">https://blogs.avui.cat/jrofrof/</a></p>
<p><a href="https://jrrofi8mes.blogspot.com/" target="_blank" rel="noopener">https://jrrofi8mes.blogspot.com/</a>[/vc_column_text][vc_empty_space][/vc_column][/vc_row][vc_row][vc_column][vc_column_text]</p>
<h2 class="block-title">Ilusión+</h2>
<p>[/vc_column_text][vc_column_text]<strong>Ilusión+</strong> es una web de venta de vinos solidarios impulsada por Pau Torres y su familia:</p>
<p><a href="https://ilusionmas.com/" target="_blank" rel="noopener">https://ilusionmas.com/</a>[/vc_column_text][vc_empty_space][/vc_column][/vc_row][vc_row][vc_column][vc_column_text]</p>
<h2 class="block-title">Josefina García</h2>
<p>[/vc_column_text][vc_column_text]La <strong>Josefina García</strong> nos muestra sus reflexiones en el siguiente blog:</p>
<p><a href="https://www.reflexionesdejosefinagarcia.blogspot.com.es/" target="_blank" rel="noopener">https://www.reflexionesdejosefinagarcia.blogspot.com.es/</a>[/vc_column_text][vc_empty_space][/vc_column][/vc_row][vc_row][vc_column][vc_column_text]</p>
<h2 class="block-title">José Dopico</h2>
<p>[/vc_column_text][vc_column_text]José Dopico tiene diferentes plataformas en que expresa sus pensamientos en fotografías, arte, escritos, etc:</p>
<p><a href="https://https//linktr.ee/ppdopico">https://linktr.ee/ppdopico</a>[/vc_column_text][vc_empty_space][/vc_column][/vc_row][vc_row][vc_column][vc_column_text]</p>
<h3 style="text-align: center;">¡Muchas gracias a todos!</h3>
<p>[/vc_column_text][/vc_column][/vc_row]</p>

<p>[vc_row][vc_column][vc_empty_space][vc_column_text]Éste es un lugar de intercambio de vivencias, opiniones e iniciativas que nos pueden ayudar para hacer frente a la ELA. os invitamos a compartir las vuestras. Sabemos que muchos de vosotros habéis encontrado en la fotografía, la pintura, la escritura u otras actividades artísticas un camino para expresar vuestra relación con la enfermedad. Y podemos mostrar estas obras aquí. Así que si te gusta escribir o quieres contar o expresar algo, éste es TU ESPACIO. Envíanos tu blog o web a comunicacio@fundaciomiquelvalls.org.[/vc_column_text][vc_empty_space][/vc_column][/vc_row][vc_row][vc_column][vc_column_text] Josep Rof [/vc_column_text][vc_column_text]Josep Rof os invita a sus blogs, donde encontraréis textos, reflexiones y fotografías: https://enfoques6ela.blogspot.com.es/ https://blogs.avui.cat/jrofrof/ https://jrrofi8mes.blogspot.com/[/vc_column_text][vc_empty_space][/vc_column][/vc_row][vc_row][vc_column][vc_column_text] Ilusión+ [/vc_column_text][vc_column_text]Ilusión+ es una web de venta de vinos solidarios impulsada por Pau Torres y su familia: https://ilusionmas.com/[/vc_column_text][vc_empty_space][/vc_column][/vc_row][vc_row][vc_column][vc_column_text] Josefina García [/vc_column_text][vc_column_text]La Josefina García nos muestra sus reflexiones en el siguiente blog: https://www.reflexionesdejosefinagarcia.blogspot.com.es/[/vc_column_text][vc_empty_space][/vc_column][/vc_row][vc_row][vc_column][vc_column_text] José Dopico [/vc_column_text][vc_column_text]José Dopico tiene diferentes plataformas en que expresa sus pensamientos en fotografías, arte, escritos, etc: https://linktr.ee/ppdopico[/vc_column_text][vc_empty_space][/vc_column][/vc_row][vc_row][vc_column][vc_column_text] ¡Muchas gracias a todos! [/vc_column_text][/vc_column][/vc_row]</p>

<!-- This site is optimized with the Yoast SEO plugin v26.9 - https://yoast.com/product/yoast-seo-wordpress/ -->
<title>Tu espacio - Fundació Catalana d&#039;ELA Miquel Valls</title>
<meta name="description" content="Éste es un lugar de intercambio de vivencias, opiniones e iniciativas que nos pueden ayudar para hacer frente a la ELA." />
<meta name="robots" content="index, follow, max-snippet:-1, max-image-preview:large, max-video-preview:-1" />
<link rel="canonical" href="https://fundaciomiquelvalls.org/es/el-teu-espai/" />
<meta property="og:locale" content="es_ES" />
<meta property="og:type" content="article" />
<meta property="og:title" content="Tu espacio - Fundació Catalana d&#039;ELA Miquel Valls" />
<meta property="og:description" content="Éste es un lugar de intercambio de vivencias, opiniones e iniciativas que nos pueden ayudar para hacer frente a la ELA." />
<meta property="og:url" content="https://fundaciomiquelvalls.org/es/el-teu-espai/" />
<meta property="og:site_name" content="Fundació Catalana d&#039;ELA Miquel Valls" />
<meta property="article:modified_time" content="2022-03-25T13:31:20+00:00" />
<meta name="twitter:card" content="summary_large_image" />
<meta name="twitter:label1" content="Tiempo de lectura" />
	<meta name="twitter:data1" content="1 minuto" />
<script type="application/ld+json" class="yoast-schema-graph">{"@context":"https://schema.org","@graph":[{"@type":"WebPage","@id":"https://fundaciomiquelvalls.org/es/el-teu-espai/","url":"https://fundaciomiquelvalls.org/es/el-teu-espai/","name":"Tu espacio - Fundació Catalana d&#039;ELA Miquel Valls","isPartOf":{"@id":"https://fundaciomiquelvalls.org/#website"},"datePublished":"2021-03-04T12:59:39+00:00","dateModified":"2022-03-25T13:31:20+00:00","description":"Éste es un lugar de intercambio de vivencias, opiniones e iniciativas que nos pueden ayudar para hacer frente a la ELA.","breadcrumb":{"@id":"https://fundaciomiquelvalls.org/es/el-teu-espai/#breadcrumb"},"inLanguage":"es","potentialAction":[{"@type":"ReadAction","target":["https://fundaciomiquelvalls.org/es/el-teu-espai/"]}]},{"@type":"BreadcrumbList","@id":"https://fundaciomiquelvalls.org/es/el-teu-espai/#breadcrumb","itemListElement":[{"@type":"ListItem","position":1,"name":"Portada","item":"https://fundaciomiquelvalls.org/es/"},{"@type":"ListItem","position":2,"name":"Tu espacio"}]},{"@type":"WebSite","@id":"https://fundaciomiquelvalls.org/#website","url":"https://fundaciomiquelvalls.org/","name":"Fundació Catalana d&#039;ELA Miquel Valls","description":"Treballem per millorar la qualitat de vida de les persones afectades d&#039;ELA i Malaltia de Motoneurona","potentialAction":[{"@type":"SearchAction","target":{"@type":"EntryPoint","urlTemplate":"https://fundaciomiquelvalls.org/?s={search_term_string}"},"query-input":{"@type":"PropertyValueSpecification","valueRequired":true,"valueName":"search_term_string"}}],"inLanguage":"es"}]}</script>
<!-- / Yoast SEO plugin. -->

Tu espacio - Fundació Catalana d&#039;ELA Miquel Valls

Éste es un lugar de intercambio de vivencias, opiniones e iniciativas que nos pueden ayudar para hacer frente a la ELA.

Fundació Catalana d&#039;ELA Miquel Valls
