{"version":"1.0","provider_name":"Fundaci\u00f3 Catalana d&#039;ELA Miquel Valls","provider_url":"https:\/\/fundaciomiquelvalls.org\/es\/","title":"Ley ELA: un avance que requiere seguir trabajando - Fundaci\u00f3 Catalana d&#039;ELA Miquel Valls","type":"rich","width":600,"height":338,"html":"<blockquote class=\"wp-embedded-content\" data-secret=\"nhkqdD5fv2\"><a href=\"https:\/\/fundaciomiquelvalls.org\/es\/ley-ela-un-avance-que-requiere-seguir-trabajando\/\">Ley ELA: un avance que requiere seguir trabajando<\/a><\/blockquote><iframe sandbox=\"allow-scripts\" security=\"restricted\" src=\"https:\/\/fundaciomiquelvalls.org\/es\/ley-ela-un-avance-que-requiere-seguir-trabajando\/embed\/#?secret=nhkqdD5fv2\" width=\"600\" height=\"338\" title=\"\u00abLey ELA: un avance que requiere seguir trabajando\u00bb \u2014 Fundaci\u00f3 Catalana d&#039;ELA Miquel Valls\" data-secret=\"nhkqdD5fv2\" frameborder=\"0\" marginwidth=\"0\" marginheight=\"0\" scrolling=\"no\" class=\"wp-embedded-content\"><\/iframe><script type=\"text\/javascript\">\n\/* <![CDATA[ *\/\n\/*! This file is auto-generated *\/\n!function(d,l){\"use strict\";l.querySelector&&d.addEventListener&&\"undefined\"!=typeof URL&&(d.wp=d.wp||{},d.wp.receiveEmbedMessage||(d.wp.receiveEmbedMessage=function(e){var t=e.data;if((t||t.secret||t.message||t.value)&&!\/[^a-zA-Z0-9]\/.test(t.secret)){for(var s,r,n,a=l.querySelectorAll('iframe[data-secret=\"'+t.secret+'\"]'),o=l.querySelectorAll('blockquote[data-secret=\"'+t.secret+'\"]'),c=new RegExp(\"^https?:$\",\"i\"),i=0;i<o.length;i++)o[i].style.display=\"none\";for(i=0;i<a.length;i++)s=a[i],e.source===s.contentWindow&&(s.removeAttribute(\"style\"),\"height\"===t.message?(1e3<(r=parseInt(t.value,10))?r=1e3:~~r<200&&(r=200),s.height=r):\"link\"===t.message&&(r=new URL(s.getAttribute(\"src\")),n=new URL(t.value),c.test(n.protocol))&&n.host===r.host&&l.activeElement===s&&(d.top.location.href=t.value))}},d.addEventListener(\"message\",d.wp.receiveEmbedMessage,!1),l.addEventListener(\"DOMContentLoaded\",function(){for(var e,t,s=l.querySelectorAll(\"iframe.wp-embedded-content\"),r=0;r<s.length;r++)(t=(e=s[r]).getAttribute(\"data-secret\"))||(t=Math.random().toString(36).substring(2,12),e.src+=\"#?secret=\"+t,e.setAttribute(\"data-secret\",t)),e.contentWindow.postMessage({message:\"ready\",secret:t},\"*\")},!1)))}(window,document);\n\/\/# sourceURL=https:\/\/fundaciomiquelvalls.org\/wp-includes\/js\/wp-embed.min.js\n\/* ]]> *\/\n<\/script>\n","description":"Ayer, el Parlament aprob\u00f3 por unanimidad el despliegue de la Ley ELA en Catalunya, un avance importante y largamente reivindicado para garantizar una mejor atenci\u00f3n y apoyo a las personas afectadas de ELA ya sus familias. Desde la Fundaci\u00f3n Catalana de ELA Miquel Valls, valoramos este paso, como un paso necesario para la implementaci\u00f3n de la Ley pero sin embargo, queremos expresar nuestra preocupaci\u00f3n porque el despliegue actual de la Ley no resuelve un problema clave que afecta directamente a la vida cotidiana de muchas personas afectadas de ELA: la aplicaci\u00f3n de las reducciones de las ayudas an\u00e1logas, como el complemento de gran invalidez, i el copago. En la pr\u00e1ctica, esta situaci\u00f3n provoca que muchas personas afectadas de ELA, a pesar de necesitar las prestaciones econ\u00f3micas vinculadas al grado III+, se vean obligadas a renunciar a ella, ya que la p\u00e9rdida de otros ingresos esenciales hace inviable cubrir las necesidades b\u00e1sicas de la vida diaria y los gastos adicionales derivados de la enfermedad. Por este motivo, insistimos en que ning\u00fan despliegue de la Ley ELA puede considerarse plenamente efectivo si no garantiza la supervisi\u00f3n y atenci\u00f3n continuada especializada para prevenir el riesgo de muerte evitable, una ayuda de car\u00e1cter sanitario que no se puede asimilar a las ayudas por la dependencia. Reiteramos nuestra voluntad de seguir colaborando con las administraciones p\u00fablicas y los grupos parlamentarios para corregir estas disfunciones y avanzar hacia una Ley ELA realmente efectiva.","thumbnail_url":"https:\/\/fundaciomiquelvalls.org\/wp-content\/uploads\/2026\/04\/WhatsApp-Image-2026-04-30-at-12.37.03-1.jpeg","thumbnail_width":1600,"thumbnail_height":900}

Fundació Catalana d&#039;ELA Miquel Valls

Ley ELA: un avance que requiere seguir trabajando - Fundació Catalana d&#039;ELA Miquel Valls

<blockquote class="wp-embedded-content" data-secret="nhkqdD5fv2"><a href="https://fundaciomiquelvalls.org/es/ley-ela-un-avance-que-requiere-seguir-trabajando/">Ley ELA: un avance que requiere seguir trabajando</a></blockquote><iframe sandbox="allow-scripts" security="restricted" src="https://fundaciomiquelvalls.org/es/ley-ela-un-avance-que-requiere-seguir-trabajando/embed/#?secret=nhkqdD5fv2" width="600" height="338" title="«Ley ELA: un avance que requiere seguir trabajando» — Fundació Catalana d&#039;ELA Miquel Valls" data-secret="nhkqdD5fv2" frameborder="0" marginwidth="0" marginheight="0" scrolling="no" class="wp-embedded-content"></iframe><script type="text/javascript">
/* <![CDATA[ */
/*! This file is auto-generated */
!function(d,l){"use strict";l.querySelector&&d.addEventListener&&"undefined"!=typeof URL&&(d.wp=d.wp||{},d.wp.receiveEmbedMessage||(d.wp.receiveEmbedMessage=function(e){var t=e.data;if((t||t.secret||t.message||t.value)&&!/[^a-zA-Z0-9]/.test(t.secret)){for(var s,r,n,a=l.querySelectorAll('iframe[data-secret="'+t.secret+'"]'),o=l.querySelectorAll('blockquote[data-secret="'+t.secret+'"]'),c=new RegExp("^https?:$","i"),i=0;i<o.length;i++)o[i].style.display="none";for(i=0;i<a.length;i++)s=a[i],e.source===s.contentWindow&&(s.removeAttribute("style"),"height"===t.message?(1e3<(r=parseInt(t.value,10))?r=1e3:~~r<200&&(r=200),s.height=r):"link"===t.message&&(r=new URL(s.getAttribute("src")),n=new URL(t.value),c.test(n.protocol))&&n.host===r.host&&l.activeElement===s&&(d.top.location.href=t.value))}},d.addEventListener("message",d.wp.receiveEmbedMessage,!1),l.addEventListener("DOMContentLoaded",function(){for(var e,t,s=l.querySelectorAll("iframe.wp-embedded-content"),r=0;r<s.length;r++)(t=(e=s[r]).getAttribute("data-secret"))||(t=Math.random().toString(36).substring(2,12),e.src+="#?secret="+t,e.setAttribute("data-secret",t)),e.contentWindow.postMessage({message:"ready",secret:t},"*")},!1)))}(window,document);
//# sourceURL=https://fundaciomiquelvalls.org/wp-includes/js/wp-embed.min.js
/* ]]> */
</script>

Ayer, el Parlament aprobó por unanimidad el despliegue de la Ley ELA en Catalunya, un avance importante y largamente reivindicado para garantizar una mejor atención y apoyo a las personas afectadas de ELA ya sus familias. Desde la Fundación Catalana de ELA Miquel Valls, valoramos este paso, como un paso necesario para la implementación de la Ley pero sin embargo, queremos expresar nuestra preocupación porque el despliegue actual de la Ley no resuelve un problema clave que afecta directamente a la vida cotidiana de muchas personas afectadas de ELA: la aplicación de las reducciones de las ayudas análogas, como el complemento de gran invalidez, i el copago. En la práctica, esta situación provoca que muchas personas afectadas de ELA, a pesar de necesitar las prestaciones económicas vinculadas al grado III+, se vean obligadas a renunciar a ella, ya que la pérdida de otros ingresos esenciales hace inviable cubrir las necesidades básicas de la vida diaria y los gastos adicionales derivados de la enfermedad. Por este motivo, insistimos en que ningún despliegue de la Ley ELA puede considerarse plenamente efectivo si no garantiza la supervisión y atención continuada especializada para prevenir el riesgo de muerte evitable, una ayuda de carácter sanitario que no se puede asimilar a las ayudas por la dependencia. Reiteramos nuestra voluntad de seguir colaborando con las administraciones públicas y los grupos parlamentarios para corregir estas disfunciones y avanzar hacia una Ley ELA realmente efectiva.
